[INFO] fetching crate rsmq_async_lite 2.1.1...
[INFO] building rsmq_async_lite-2.1.1 against master#881c1ac408d93bb7adaa3a51dabab9266e82eee8 for issue-85264
[INFO] extracting crate rsmq_async_lite 2.1.1 into /workspace/builds/worker-4/source
[INFO] validating manifest of crates.io crate rsmq_async_lite 2.1.1 on toolchain 881c1ac408d93bb7adaa3a51dabab9266e82eee8
[INFO] running `Command { std: "/workspace/cargo-home/bin/cargo" "+881c1ac408d93bb7adaa3a51dabab9266e82eee8" "metadata" "--manifest-path" "Cargo.toml" "--no-deps", kill_on_drop: false }`
[INFO] started tweaking crates.io crate rsmq_async_lite 2.1.1
[INFO] finished tweaking crates.io crate rsmq_async_lite 2.1.1
[INFO] tweaked toml for crates.io crate rsmq_async_lite 2.1.1 written to /workspace/builds/worker-4/source/Cargo.toml
[INFO] running `Command { std: "/workspace/cargo-home/bin/cargo" "+881c1ac408d93bb7adaa3a51dabab9266e82eee8" "generate-lockfile" "--manifest-path" "Cargo.toml" "-Zno-index-update", kill_on_drop: false }`
[INFO] running `Command { std: "/workspace/cargo-home/bin/cargo" "+881c1ac408d93bb7adaa3a51dabab9266e82eee8" "fetch" "--manifest-path" "Cargo.toml", kill_on_drop: false }`
[INFO] [stderr]  Downloading crates ...
[INFO] [stderr]   Downloaded bb8 v0.4.2
[INFO] [stderr]   Downloaded bb8-redis v0.5.0
[INFO] [stderr]   Downloaded radix_fmt v1.0.0
[INFO] [stderr]   Downloaded redis v0.15.1
[INFO] running `Command { std: "docker" "create" "-v" "/var/lib/crater-agent-workspace/builds/worker-4/target:/opt/rustwide/target:rw,Z" "-v" "/var/lib/crater-agent-workspace/builds/worker-4/source:/opt/rustwide/workdir:ro,Z" "-v" "/var/lib/crater-agent-workspace/cargo-home:/opt/rustwide/cargo-home:ro,Z" "-v" "/var/lib/crater-agent-workspace/rustup-home:/opt/rustwide/rustup-home:ro,Z" "-e" "SOURCE_DIR=/opt/rustwide/workdir" "-e" "CARGO_TARGET_DIR=/opt/rustwide/target" "-e" "CARGO_HOME=/opt/rustwide/cargo-home" "-e" "RUSTUP_HOME=/opt/rustwide/rustup-home" "-w" "/opt/rustwide/workdir" "-m" "1610612736" "--user" "0:0" "--network" "none" "ghcr.io/rust-lang/crates-build-env/linux@sha256:20528e8c29e4536546f0102ce88568b16ea7538393a33fcca951030f7af10457" "/opt/rustwide/cargo-home/bin/cargo" "+881c1ac408d93bb7adaa3a51dabab9266e82eee8" "metadata" "--no-deps" "--format-version=1", kill_on_drop: false }`
[INFO] [stdout] 8da641410537ecf0502973eaf78281d82dc8a7c3c9490cdd48f435769de4689e
[INFO] [stderr] WARNING: Your kernel does not support swap limit capabilities or the cgroup is not mounted. Memory limited without swap.
[INFO] running `Command { std: "docker" "start" "-a" "8da641410537ecf0502973eaf78281d82dc8a7c3c9490cdd48f435769de4689e", kill_on_drop: false }`
[INFO] running `Command { std: "docker" "inspect" "8da641410537ecf0502973eaf78281d82dc8a7c3c9490cdd48f435769de4689e", kill_on_drop: false }`
[INFO] running `Command { std: "docker" "rm" "-f" "8da641410537ecf0502973eaf78281d82dc8a7c3c9490cdd48f435769de4689e", kill_on_drop: false }`
[INFO] [stdout] 8da641410537ecf0502973eaf78281d82dc8a7c3c9490cdd48f435769de4689e
[INFO] running `Command { std: "docker" "create" "-v" "/var/lib/crater-agent-workspace/builds/worker-4/target:/opt/rustwide/target:rw,Z" "-v" "/var/lib/crater-agent-workspace/builds/worker-4/source:/opt/rustwide/workdir:ro,Z" "-v" "/var/lib/crater-agent-workspace/cargo-home:/opt/rustwide/cargo-home:ro,Z" "-v" "/var/lib/crater-agent-workspace/rustup-home:/opt/rustwide/rustup-home:ro,Z" "-e" "SOURCE_DIR=/opt/rustwide/workdir" "-e" "CARGO_TARGET_DIR=/opt/rustwide/target" "-e" "CARGO_INCREMENTAL=0" "-e" "RUST_BACKTRACE=full" "-e" "RUSTFLAGS=--cap-lints=forbid" "-e" "CARGO_HOME=/opt/rustwide/cargo-home" "-e" "RUSTUP_HOME=/opt/rustwide/rustup-home" "-w" "/opt/rustwide/workdir" "-m" "1610612736" "--user" "0:0" "--network" "none" "ghcr.io/rust-lang/crates-build-env/linux@sha256:20528e8c29e4536546f0102ce88568b16ea7538393a33fcca951030f7af10457" "/opt/rustwide/cargo-home/bin/cargo" "+881c1ac408d93bb7adaa3a51dabab9266e82eee8" "build" "--frozen" "--message-format=json", kill_on_drop: false }`
[INFO] [stderr] WARNING: Your kernel does not support swap limit capabilities or the cgroup is not mounted. Memory limited without swap.
[INFO] [stdout] 186e8dcdc2e5cdce9c11ce06141fbbd75f795c705c3a8a9791a5086856f0e839
[INFO] running `Command { std: "docker" "start" "-a" "186e8dcdc2e5cdce9c11ce06141fbbd75f795c705c3a8a9791a5086856f0e839", kill_on_drop: false }`
[INFO] [stderr]    Compiling ryu v1.0.5
[INFO] [stderr]    Compiling itoa v0.4.7
[INFO] [stderr]    Compiling ascii v0.9.3
[INFO] [stderr]    Compiling byteorder v1.4.3
[INFO] [stderr]    Compiling either v1.6.1
[INFO] [stderr]    Compiling serde v1.0.126
[INFO] [stderr]    Compiling serde_json v1.0.64
[INFO] [stderr]    Compiling sha1 v0.6.0
[INFO] [stderr]    Compiling radix_fmt v1.0.0
[INFO] [stderr]    Compiling getrandom v0.1.16
[INFO] [stderr]    Compiling syn v1.0.72
[INFO] [stderr]    Compiling rand_core v0.5.1
[INFO] [stderr]    Compiling combine v3.8.1
[INFO] [stderr]    Compiling rand_chacha v0.2.2
[INFO] [stderr]    Compiling rand v0.7.3
[INFO] [stderr]    Compiling futures-macro v0.3.15
[INFO] [stderr]    Compiling tokio-macros v0.2.6
[INFO] [stderr]    Compiling async-trait v0.1.50
[INFO] [stderr]    Compiling thiserror-impl v1.0.25
[INFO] [stderr]    Compiling tokio v0.2.25
[INFO] [stderr]    Compiling futures-util v0.3.15
[INFO] [stderr]    Compiling thiserror v1.0.25
[INFO] [stderr]    Compiling tokio-util v0.2.0
[INFO] [stderr]    Compiling futures-executor v0.3.15
[INFO] [stderr]    Compiling futures v0.3.15
[INFO] [stderr]    Compiling redis v0.15.1
[INFO] [stderr]    Compiling bb8 v0.4.2
[INFO] [stderr]    Compiling bb8-redis v0.5.0
[INFO] [stderr]    Compiling rsmq_async_lite v2.1.1 (/opt/rustwide/workdir)
[INFO] [stderr]     Finished dev [unoptimized + debuginfo] target(s) in 28.32s
[INFO] running `Command { std: "docker" "inspect" "186e8dcdc2e5cdce9c11ce06141fbbd75f795c705c3a8a9791a5086856f0e839", kill_on_drop: false }`
[INFO] running `Command { std: "docker" "rm" "-f" "186e8dcdc2e5cdce9c11ce06141fbbd75f795c705c3a8a9791a5086856f0e839", kill_on_drop: false }`
[INFO] [stdout] 186e8dcdc2e5cdce9c11ce06141fbbd75f795c705c3a8a9791a5086856f0e839
[INFO] running `Command { std: "docker" "create" "-v" "/var/lib/crater-agent-workspace/builds/worker-4/target:/opt/rustwide/target:rw,Z" "-v" "/var/lib/crater-agent-workspace/builds/worker-4/source:/opt/rustwide/workdir:ro,Z" "-v" "/var/lib/crater-agent-workspace/cargo-home:/opt/rustwide/cargo-home:ro,Z" "-v" "/var/lib/crater-agent-workspace/rustup-home:/opt/rustwide/rustup-home:ro,Z" "-e" "SOURCE_DIR=/opt/rustwide/workdir" "-e" "CARGO_TARGET_DIR=/opt/rustwide/target" "-e" "CARGO_INCREMENTAL=0" "-e" "RUST_BACKTRACE=full" "-e" "RUSTFLAGS=--cap-lints=forbid" "-e" "CARGO_HOME=/opt/rustwide/cargo-home" "-e" "RUSTUP_HOME=/opt/rustwide/rustup-home" "-w" "/opt/rustwide/workdir" "-m" "1610612736" "--user" "0:0" "--network" "none" "ghcr.io/rust-lang/crates-build-env/linux@sha256:20528e8c29e4536546f0102ce88568b16ea7538393a33fcca951030f7af10457" "/opt/rustwide/cargo-home/bin/cargo" "+881c1ac408d93bb7adaa3a51dabab9266e82eee8" "test" "--frozen" "--no-run" "--message-format=json", kill_on_drop: false }`
[INFO] [stdout] 6d906d2a9a9628a2f94494a335429922fef469a7917e14daf95470a51656ce1e
[INFO] [stderr] WARNING: Your kernel does not support swap limit capabilities or the cgroup is not mounted. Memory limited without swap.
[INFO] running `Command { std: "docker" "start" "-a" "6d906d2a9a9628a2f94494a335429922fef469a7917e14daf95470a51656ce1e", kill_on_drop: false }`
[INFO] [stderr]    Compiling rsmq_async_lite v2.1.1 (/opt/rustwide/workdir)
[INFO] [stdout] error[E0432]: unresolved import `rsmq_async`
[INFO] [stdout]  --> tests/test.rs:1:5
[INFO] [stdout]   |
[INFO] [stdout] 1 | use rsmq_async::{Rsmq, RsmqError, RsmqOptions};
[INFO] [stdout]   |     ^^^^^^^^^^ use of undeclared crate or module `rsmq_async`
[INFO] [stdout] 
[INFO] [stdout] 
[INFO] [stdout] error[E0698]: type inside `async` block must be known in this context
[INFO] [stdout]   --> tests/test.rs:9:13
[INFO] [stdout]    |
[INFO] [stdout] 9  |         db: 0,
[INFO] [stdout]    |             ^ cannot infer type for type `{integer}`
[INFO] [stdout]    |
[INFO] [stdout] note: the type is part of the `async` block because of this `await`
[INFO] [stdout]   --> tests/test.rs:8:20
[INFO] [stdout]    |
[INFO] [stdout] 8  |       let mut rsmq = Rsmq::<String>::new(RsmqOptions {
[INFO] [stdout]    |  ____________________^
[INFO] [stdout] 9  | |         db: 0,
[INFO] [stdout] 10 | |         realtime: true,
[INFO] [stdout] 11 | |         ..Default::default()
[INFO] [stdout] 12 | |     })
[INFO] [stdout] 13 | |     .await
[INFO] [stdout]    | |__________^
[INFO] [stdout] 
[INFO] [stdout] 
[INFO] [stdout] error[E0698]: type inside `async` block must be known in this context
[INFO] [stdout]   --> tests/test.rs:42:13
[INFO] [stdout]    |
[INFO] [stdout] 42 |         db: 1,
[INFO] [stdout]    |             ^ cannot infer type for type `{integer}`
[INFO] [stdout]    |
[INFO] [stdout] note: the type is part of the `async` block because of this `await`
[INFO] [stdout]   --> tests/test.rs:41:20
[INFO] [stdout]    |
[INFO] [stdout] 41 |       let mut rsmq = Rsmq::<String>::new(RsmqOptions {
[INFO] [stdout]    |  ____________________^
[INFO] [stdout] 42 | |         db: 1,
[INFO] [stdout] 43 | |         ..Default::default()
[INFO] [stdout] 44 | |     })
[INFO] [stdout] 45 | |     .await
[INFO] [stdout]    | |__________^
[INFO] [stdout] 
[INFO] [stdout] 
[INFO] [stdout] error[E0698]: type inside `async` block must be known in this context
[INFO] [stdout]   --> tests/test.rs:72:13
[INFO] [stdout]    |
[INFO] [stdout] 72 |         db: 2,
[INFO] [stdout]    |             ^ cannot infer type for type `{integer}`
[INFO] [stdout]    |
[INFO] [stdout] note: the type is part of the `async` block because of this `await`
[INFO] [stdout]   --> tests/test.rs:71:20
[INFO] [stdout]    |
[INFO] [stdout] 71 |       let mut rsmq = Rsmq::<String>::new(RsmqOptions {
[INFO] [stdout]    |  ____________________^
[INFO] [stdout] 72 | |         db: 2,
[INFO] [stdout] 73 | |         ..Default::default()
[INFO] [stdout] 74 | |     })
[INFO] [stdout] 75 | |     .await
[INFO] [stdout]    | |__________^
[INFO] [stdout] 
[INFO] [stdout] 
[INFO] [stdout] error[E0698]: type inside `async` block must be known in this context
[INFO] [stdout]    --> tests/test.rs:99:13
[INFO] [stdout]     |
[INFO] [stdout] 99  |         db: 3,
[INFO] [stdout]     |             ^ cannot infer type for type `{integer}`
[INFO] [stdout]     |
[INFO] [stdout] note: the type is part of the `async` block because of this `await`
[INFO] [stdout]    --> tests/test.rs:98:20
[INFO] [stdout]     |
[INFO] [stdout] 98  |       let mut rsmq = Rsmq::<String>::new(RsmqOptions {
[INFO] [stdout]     |  ____________________^
[INFO] [stdout] 99  | |         db: 3,
[INFO] [stdout] 100 | |         ..Default::default()
[INFO] [stdout] 101 | |     })
[INFO] [stdout] 102 | |     .await
[INFO] [stdout]     | |__________^
[INFO] [stdout] 
[INFO] [stdout] 
[INFO] [stdout] error[E0698]: type inside `async` block must be known in this context
[INFO] [stdout]    --> tests/test.rs:119:46
[INFO] [stdout]     |
[INFO] [stdout] 119 |     rsmq.set_queue_attributes("queue4", Some(45), Some(5), Some(2048))
[INFO] [stdout]     |                                              ^^ cannot infer type for type `{integer}`
[INFO] [stdout]     |
[INFO] [stdout] note: the type is part of the `async` block because of this `await`
[INFO] [stdout]    --> tests/test.rs:119:5
[INFO] [stdout]     |
[INFO] [stdout] 119 | /     rsmq.set_queue_attributes("queue4", Some(45), Some(5), Some(2048))
[INFO] [stdout] 120 | |         .await
[INFO] [stdout]     | |______________^
[INFO] [stdout] 
[INFO] [stdout] 
[INFO] [stdout] error[E0698]: type inside `async` block must be known in this context
[INFO] [stdout]    --> tests/test.rs:119:41
[INFO] [stdout]     |
[INFO] [stdout] 119 |     rsmq.set_queue_attributes("queue4", Some(45), Some(5), Some(2048))
[INFO] [stdout]     |                                         ^^^^^^^^ cannot infer type for type `{integer}`
[INFO] [stdout]     |
[INFO] [stdout] note: the type is part of the `async` block because of this `await`
[INFO] [stdout]    --> tests/test.rs:119:5
[INFO] [stdout]     |
[INFO] [stdout] 119 | /     rsmq.set_queue_attributes("queue4", Some(45), Some(5), Some(2048))
[INFO] [stdout] 120 | |         .await
[INFO] [stdout]     | |______________^
[INFO] [stdout] 
[INFO] [stdout] 
[INFO] [stdout] error[E0698]: type inside `async` block must be known in this context
[INFO] [stdout]    --> tests/test.rs:119:56
[INFO] [stdout]     |
[INFO] [stdout] 119 |     rsmq.set_queue_attributes("queue4", Some(45), Some(5), Some(2048))
[INFO] [stdout]     |                                                        ^ cannot infer type for type `{integer}`
[INFO] [stdout]     |
[INFO] [stdout] note: the type is part of the `async` block because of this `await`
[INFO] [stdout]    --> tests/test.rs:119:5
[INFO] [stdout]     |
[INFO] [stdout] 119 | /     rsmq.set_queue_attributes("queue4", Some(45), Some(5), Some(2048))
[INFO] [stdout] 120 | |         .await
[INFO] [stdout]     | |______________^
[INFO] [stdout] 
[INFO] [stdout] 
[INFO] [stdout] error[E0698]: type inside `async` block must be known in this context
[INFO] [stdout]    --> tests/test.rs:119:51
[INFO] [stdout]     |
[INFO] [stdout] 119 |     rsmq.set_queue_attributes("queue4", Some(45), Some(5), Some(2048))
[INFO] [stdout]     |                                                   ^^^^^^^ cannot infer type for type `{integer}`
[INFO] [stdout]     |
[INFO] [stdout] note: the type is part of the `async` block because of this `await`
[INFO] [stdout]    --> tests/test.rs:119:5
[INFO] [stdout]     |
[INFO] [stdout] 119 | /     rsmq.set_queue_attributes("queue4", Some(45), Some(5), Some(2048))
[INFO] [stdout] 120 | |         .await
[INFO] [stdout]     | |______________^
[INFO] [stdout] 
[INFO] [stdout] 
[INFO] [stdout] error[E0698]: type inside `async` block must be known in this context
[INFO] [stdout]    --> tests/test.rs:119:65
[INFO] [stdout]     |
[INFO] [stdout] 119 |     rsmq.set_queue_attributes("queue4", Some(45), Some(5), Some(2048))
[INFO] [stdout]     |                                                                 ^^^^ cannot infer type for type `{integer}`
[INFO] [stdout]     |
[INFO] [stdout] note: the type is part of the `async` block because of this `await`
[INFO] [stdout]    --> tests/test.rs:119:5
[INFO] [stdout]     |
[INFO] [stdout] 119 | /     rsmq.set_queue_attributes("queue4", Some(45), Some(5), Some(2048))
[INFO] [stdout] 120 | |         .await
[INFO] [stdout]     | |______________^
[INFO] [stdout] 
[INFO] [stdout] 
[INFO] [stdout] error[E0698]: type inside `async` block must be known in this context
[INFO] [stdout]    --> tests/test.rs:119:60
[INFO] [stdout]     |
[INFO] [stdout] 119 |     rsmq.set_queue_attributes("queue4", Some(45), Some(5), Some(2048))
[INFO] [stdout]     |                                                            ^^^^^^^^^^ cannot infer type for type `{integer}`
[INFO] [stdout]     |
[INFO] [stdout] note: the type is part of the `async` block because of this `await`
[INFO] [stdout]    --> tests/test.rs:119:5
[INFO] [stdout]     |
[INFO] [stdout] 119 | /     rsmq.set_queue_attributes("queue4", Some(45), Some(5), Some(2048))
[INFO] [stdout] 120 | |         .await
[INFO] [stdout]     | |______________^
[INFO] [stdout] 
[INFO] [stdout] 
[INFO] [stdout] error[E0698]: type inside `async` block must be known in this context
[INFO] [stdout]    --> tests/test.rs:141:13
[INFO] [stdout]     |
[INFO] [stdout] 141 |         db: 4,
[INFO] [stdout]     |             ^ cannot infer type for type `{integer}`
[INFO] [stdout]     |
[INFO] [stdout] note: the type is part of the `async` block because of this `await`
[INFO] [stdout]    --> tests/test.rs:140:20
[INFO] [stdout]     |
[INFO] [stdout] 140 |       let mut rsmq = Rsmq::<String>::new(RsmqOptions {
[INFO] [stdout]     |  ____________________^
[INFO] [stdout] 141 | |         db: 4,
[INFO] [stdout] 142 | |         ..Default::default()
[INFO] [stdout] 143 | |     })
[INFO] [stdout] 144 | |     .await
[INFO] [stdout]     | |__________^
[INFO] [stdout] 
[INFO] [stdout] 
[INFO] [stdout] error[E0698]: type inside `async` block must be known in this context
[INFO] [stdout]    --> tests/test.rs:178:46
[INFO] [stdout]     |
[INFO] [stdout] 178 |         .set_queue_attributes("queue5", Some(45), Some(5), Some(2048))
[INFO] [stdout]     |                                              ^^ cannot infer type for type `{integer}`
[INFO] [stdout]     |
[INFO] [stdout] note: the type is part of the `async` block because of this `await`
[INFO] [stdout]    --> tests/test.rs:177:18
[INFO] [stdout]     |
[INFO] [stdout] 177 |       let result = rsmq
[INFO] [stdout]     |  __________________^
[INFO] [stdout] 178 | |         .set_queue_attributes("queue5", Some(45), Some(5), Some(2048))
[INFO] [stdout] 179 | |         .await;
[INFO] [stdout]     | |______________^
[INFO] [stdout] 
[INFO] [stdout] 
[INFO] [stdout] error[E0698]: type inside `async` block must be known in this context
[INFO] [stdout]    --> tests/test.rs:178:41
[INFO] [stdout]     |
[INFO] [stdout] 178 |         .set_queue_attributes("queue5", Some(45), Some(5), Some(2048))
[INFO] [stdout]     |                                         ^^^^^^^^ cannot infer type for type `{integer}`
[INFO] [stdout]     |
[INFO] [stdout] note: the type is part of the `async` block because of this `await`
[INFO] [stdout]    --> tests/test.rs:177:18
[INFO] [stdout]     |
[INFO] [stdout] 177 |       let result = rsmq
[INFO] [stdout]     |  __________________^
[INFO] [stdout] 178 | |         .set_queue_attributes("queue5", Some(45), Some(5), Some(2048))
[INFO] [stdout] 179 | |         .await;
[INFO] [stdout]     | |______________^
[INFO] [stdout] 
[INFO] [stdout] 
[INFO] [stdout] error[E0698]: type inside `async` block must be known in this context
[INFO] [stdout]    --> tests/test.rs:178:56
[INFO] [stdout]     |
[INFO] [stdout] 178 |         .set_queue_attributes("queue5", Some(45), Some(5), Some(2048))
[INFO] [stdout]     |                                                        ^ cannot infer type for type `{integer}`
[INFO] [stdout]     |
[INFO] [stdout] note: the type is part of the `async` block because of this `await`
[INFO] [stdout]    --> tests/test.rs:177:18
[INFO] [stdout]     |
[INFO] [stdout] 177 |       let result = rsmq
[INFO] [stdout]     |  __________________^
[INFO] [stdout] 178 | |         .set_queue_attributes("queue5", Some(45), Some(5), Some(2048))
[INFO] [stdout] 179 | |         .await;
[INFO] [stdout]     | |______________^
[INFO] [stdout] 
[INFO] [stdout] 
[INFO] [stdout] error[E0698]: type inside `async` block must be known in this context
[INFO] [stdout]    --> tests/test.rs:178:51
[INFO] [stdout]     |
[INFO] [stdout] 178 |         .set_queue_attributes("queue5", Some(45), Some(5), Some(2048))
[INFO] [stdout]     |                                                   ^^^^^^^ cannot infer type for type `{integer}`
[INFO] [stdout]     |
[INFO] [stdout] note: the type is part of the `async` block because of this `await`
[INFO] [stdout]    --> tests/test.rs:177:18
[INFO] [stdout]     |
[INFO] [stdout] 177 |       let result = rsmq
[INFO] [stdout]     |  __________________^
[INFO] [stdout] 178 | |         .set_queue_attributes("queue5", Some(45), Some(5), Some(2048))
[INFO] [stdout] 179 | |         .await;
[INFO] [stdout]     | |______________^
[INFO] [stdout] 
[INFO] [stdout] 
[INFO] [stdout] error[E0698]: type inside `async` block must be known in this context
[INFO] [stdout]    --> tests/test.rs:178:65
[INFO] [stdout]     |
[INFO] [stdout] 178 |         .set_queue_attributes("queue5", Some(45), Some(5), Some(2048))
[INFO] [stdout]     |                                                                 ^^^^ cannot infer type for type `{integer}`
[INFO] [stdout]     |
[INFO] [stdout] note: the type is part of the `async` block because of this `await`
[INFO] [stdout]    --> tests/test.rs:177:18
[INFO] [stdout]     |
[INFO] [stdout] 177 |       let result = rsmq
[INFO] [stdout]     |  __________________^
[INFO] [stdout] 178 | |         .set_queue_attributes("queue5", Some(45), Some(5), Some(2048))
[INFO] [stdout] 179 | |         .await;
[INFO] [stdout]     | |______________^
[INFO] [stdout] 
[INFO] [stdout] 
[INFO] [stdout] error[E0698]: type inside `async` block must be known in this context
[INFO] [stdout]    --> tests/test.rs:178:60
[INFO] [stdout]     |
[INFO] [stdout] 178 |         .set_queue_attributes("queue5", Some(45), Some(5), Some(2048))
[INFO] [stdout]     |                                                            ^^^^^^^^^^ cannot infer type for type `{integer}`
[INFO] [stdout]     |
[INFO] [stdout] note: the type is part of the `async` block because of this `await`
[INFO] [stdout]    --> tests/test.rs:177:18
[INFO] [stdout]     |
[INFO] [stdout] 177 |       let result = rsmq
[INFO] [stdout]     |  __________________^
[INFO] [stdout] 178 | |         .set_queue_attributes("queue5", Some(45), Some(5), Some(2048))
[INFO] [stdout] 179 | |         .await;
[INFO] [stdout]     | |______________^
[INFO] [stdout] 
[INFO] [stdout] 
[INFO] [stdout] error[E0698]: type inside `async` block must be known in this context
[INFO] [stdout]    --> tests/test.rs:193:13
[INFO] [stdout]     |
[INFO] [stdout] 193 |         db: 5,
[INFO] [stdout]     |             ^ cannot infer type for type `{integer}`
[INFO] [stdout]     |
[INFO] [stdout] note: the type is part of the `async` block because of this `await`
[INFO] [stdout]    --> tests/test.rs:192:20
[INFO] [stdout]     |
[INFO] [stdout] 192 |       let mut rsmq = Rsmq::<String>::new(RsmqOptions {
[INFO] [stdout]     |  ____________________^
[INFO] [stdout] 193 | |         db: 5,
[INFO] [stdout] 194 | |         ..Default::default()
[INFO] [stdout] 195 | |     })
[INFO] [stdout] 196 | |     .await
[INFO] [stdout]     | |__________^
[INFO] [stdout] 
[INFO] [stdout] 
[INFO] [stdout] error[E0698]: type inside `async` block must be known in this context
[INFO] [stdout]    --> tests/test.rs:213:59
[INFO] [stdout]     |
[INFO] [stdout] 213 |     rsmq.change_message_visibility("queue6", &message_id, 0)
[INFO] [stdout]     |                                                           ^ cannot infer type for type `{integer}`
[INFO] [stdout]     |
[INFO] [stdout] note: the type is part of the `async` block because of this `await`
[INFO] [stdout]    --> tests/test.rs:213:5
[INFO] [stdout]     |
[INFO] [stdout] 213 | /     rsmq.change_message_visibility("queue6", &message_id, 0)
[INFO] [stdout] 214 | |         .await
[INFO] [stdout]     | |______________^
[INFO] [stdout] 
[INFO] [stdout] 
[INFO] [stdout] error[E0698]: type inside `async` block must be known in this context
[INFO] [stdout]    --> tests/test.rs:231:13
[INFO] [stdout]     |
[INFO] [stdout] 231 |         db: 6,
[INFO] [stdout]     |             ^ cannot infer type for type `{integer}`
[INFO] [stdout]     |
[INFO] [stdout] note: the type is part of the `async` block because of this `await`
[INFO] [stdout]    --> tests/test.rs:230:20
[INFO] [stdout]     |
[INFO] [stdout] 230 |       let mut rsmq = Rsmq::<String>::new(RsmqOptions {
[INFO] [stdout]     |  ____________________^
[INFO] [stdout] 231 | |         db: 6,
[INFO] [stdout] 232 | |         ..Default::default()
[INFO] [stdout] 233 | |     })
[INFO] [stdout] 234 | |     .await
[INFO] [stdout]     | |__________^
[INFO] [stdout] 
[INFO] [stdout] 
[INFO] [stdout] error[E0698]: type inside `async` block must be known in this context
[INFO] [stdout]    --> tests/test.rs:237:51
[INFO] [stdout]     |
[INFO] [stdout] 237 |     rsmq.create_queue("queue7", None, None, Some(-1))
[INFO] [stdout]     |                                                   ^ cannot infer type for type `{integer}`
[INFO] [stdout]     |
[INFO] [stdout] note: the type is part of the `async` block because of this `await`
[INFO] [stdout]    --> tests/test.rs:237:5
[INFO] [stdout]     |
[INFO] [stdout] 237 | /     rsmq.create_queue("queue7", None, None, Some(-1))
[INFO] [stdout] 238 | |         .await
[INFO] [stdout]     | |______________^
[INFO] [stdout] 
[INFO] [stdout] 
[INFO] [stdout] error[E0698]: type inside `async` block must be known in this context
[INFO] [stdout]    --> tests/test.rs:237:50
[INFO] [stdout]     |
[INFO] [stdout] 237 |     rsmq.create_queue("queue7", None, None, Some(-1))
[INFO] [stdout]     |                                                  ^^ cannot infer type for type `{integer}`
[INFO] [stdout]     |
[INFO] [stdout] note: the type is part of the `async` block because of this `await`
[INFO] [stdout]    --> tests/test.rs:237:5
[INFO] [stdout]     |
[INFO] [stdout] 237 | /     rsmq.create_queue("queue7", None, None, Some(-1))
[INFO] [stdout] 238 | |         .await
[INFO] [stdout]     | |______________^
[INFO] [stdout] 
[INFO] [stdout] 
[INFO] [stdout] error[E0698]: type inside `async` block must be known in this context
[INFO] [stdout]    --> tests/test.rs:237:45
[INFO] [stdout]     |
[INFO] [stdout] 237 |     rsmq.create_queue("queue7", None, None, Some(-1))
[INFO] [stdout]     |                                             ^^^^^^^^ cannot infer type for type `{integer}`
[INFO] [stdout]     |
[INFO] [stdout] note: the type is part of the `async` block because of this `await`
[INFO] [stdout]    --> tests/test.rs:237:5
[INFO] [stdout]     |
[INFO] [stdout] 237 | /     rsmq.create_queue("queue7", None, None, Some(-1))
[INFO] [stdout] 238 | |         .await
[INFO] [stdout]     | |______________^
[INFO] [stdout] 
[INFO] [stdout] 
[INFO] [stdout] error[E0698]: type inside `async` block must be known in this context
[INFO] [stdout]    --> tests/test.rs:262:13
[INFO] [stdout]     |
[INFO] [stdout] 262 |         db: 7,
[INFO] [stdout]     |             ^ cannot infer type for type `{integer}`
[INFO] [stdout]     |
[INFO] [stdout] note: the type is part of the `async` block because of this `await`
[INFO] [stdout]    --> tests/test.rs:261:20
[INFO] [stdout]     |
[INFO] [stdout] 261 |       let mut rsmq = Rsmq::<String>::new(RsmqOptions {
[INFO] [stdout]     |  ____________________^
[INFO] [stdout] 262 | |         db: 7,
[INFO] [stdout] 263 | |         ..Default::default()
[INFO] [stdout] 264 | |     })
[INFO] [stdout] 265 | |     .await
[INFO] [stdout]     | |__________^
[INFO] [stdout] 
[INFO] [stdout] 
[INFO] [stdout] error[E0698]: type inside `async` block must be known in this context
[INFO] [stdout]    --> tests/test.rs:268:38
[INFO] [stdout]     |
[INFO] [stdout] 268 |     rsmq.create_queue("queue8", Some(15), None, Some(-1))
[INFO] [stdout]     |                                      ^^ cannot infer type for type `{integer}`
[INFO] [stdout]     |
[INFO] [stdout] note: the type is part of the `async` block because of this `await`
[INFO] [stdout]    --> tests/test.rs:268:5
[INFO] [stdout]     |
[INFO] [stdout] 268 | /     rsmq.create_queue("queue8", Some(15), None, Some(-1))
[INFO] [stdout] 269 | |         .await
[INFO] [stdout]     | |______________^
[INFO] [stdout] 
[INFO] [stdout] 
[INFO] [stdout] error[E0698]: type inside `async` block must be known in this context
[INFO] [stdout]    --> tests/test.rs:268:33
[INFO] [stdout]     |
[INFO] [stdout] 268 |     rsmq.create_queue("queue8", Some(15), None, Some(-1))
[INFO] [stdout]     |                                 ^^^^^^^^ cannot infer type for type `{integer}`
[INFO] [stdout]     |
[INFO] [stdout] note: the type is part of the `async` block because of this `await`
[INFO] [stdout]    --> tests/test.rs:268:5
[INFO] [stdout]     |
[INFO] [stdout] 268 | /     rsmq.create_queue("queue8", Some(15), None, Some(-1))
[INFO] [stdout] 269 | |         .await
[INFO] [stdout]     | |______________^
[INFO] [stdout] 
[INFO] [stdout] 
[INFO] [stdout] error[E0698]: type inside `async` block must be known in this context
[INFO] [stdout]    --> tests/test.rs:268:55
[INFO] [stdout]     |
[INFO] [stdout] 268 |     rsmq.create_queue("queue8", Some(15), None, Some(-1))
[INFO] [stdout]     |                                                       ^ cannot infer type for type `{integer}`
[INFO] [stdout]     |
[INFO] [stdout] note: the type is part of the `async` block because of this `await`
[INFO] [stdout]    --> tests/test.rs:268:5
[INFO] [stdout]     |
[INFO] [stdout] 268 | /     rsmq.create_queue("queue8", Some(15), None, Some(-1))
[INFO] [stdout] 269 | |         .await
[INFO] [stdout]     | |______________^
[INFO] [stdout] 
[INFO] [stdout] 
[INFO] [stdout] error[E0698]: type inside `async` block must be known in this context
[INFO] [stdout]    --> tests/test.rs:268:54
[INFO] [stdout]     |
[INFO] [stdout] 268 |     rsmq.create_queue("queue8", Some(15), None, Some(-1))
[INFO] [stdout]     |                                                      ^^ cannot infer type for type `{integer}`
[INFO] [stdout]     |
[INFO] [stdout] note: the type is part of the `async` block because of this `await`
[INFO] [stdout]    --> tests/test.rs:268:5
[INFO] [stdout]     |
[INFO] [stdout] 268 | /     rsmq.create_queue("queue8", Some(15), None, Some(-1))
[INFO] [stdout] 269 | |         .await
[INFO] [stdout]     | |______________^
[INFO] [stdout] 
[INFO] [stdout] 
[INFO] [stdout] error[E0698]: type inside `async` block must be known in this context
[INFO] [stdout]    --> tests/test.rs:268:49
[INFO] [stdout]     |
[INFO] [stdout] 268 |     rsmq.create_queue("queue8", Some(15), None, Some(-1))
[INFO] [stdout]     |                                                 ^^^^^^^^ cannot infer type for type `{integer}`
[INFO] [stdout]     |
[INFO] [stdout] note: the type is part of the `async` block because of this `await`
[INFO] [stdout]    --> tests/test.rs:268:5
[INFO] [stdout]     |
[INFO] [stdout] 268 | /     rsmq.create_queue("queue8", Some(15), None, Some(-1))
[INFO] [stdout] 269 | |         .await
[INFO] [stdout]     | |______________^
[INFO] [stdout] 
[INFO] [stdout] 
[INFO] [stdout] error: aborting due to 30 previous errors
[INFO] [stdout] 
[INFO] [stdout] 
[INFO] [stdout] Some errors have detailed explanations: E0432, E0698.
[INFO] [stdout] 
[INFO] [stdout] For more information about an error, try `rustc --explain E0432`.
[INFO] [stdout] 
[INFO] [stderr] error: could not compile `rsmq_async_lite`
[INFO] [stderr] 
[INFO] [stderr] To learn more, run the command again with --verbose.
[INFO] [stderr] warning: build failed, waiting for other jobs to finish...
[INFO] [stderr] error: build failed
[INFO] running `Command { std: "docker" "inspect" "6d906d2a9a9628a2f94494a335429922fef469a7917e14daf95470a51656ce1e", kill_on_drop: false }`
[INFO] running `Command { std: "docker" "rm" "-f" "6d906d2a9a9628a2f94494a335429922fef469a7917e14daf95470a51656ce1e", kill_on_drop: false }`
[INFO] [stdout] 6d906d2a9a9628a2f94494a335429922fef469a7917e14daf95470a51656ce1e
